f 4182 and 2564304.
246
Calculate the greatest common divisor of 2332 and 69564.
44
Calculate the highest common divisor of 5 and 22392262.
1
What is the greatest common divisor of 515850 and 75?
75
What is the greatest common factor of 355548 and 12024?
12
Calculate the highest common factor of 546 and 3225534.
78
What is the highest common divisor of 750090 and 6710?
110
Calculate the greatest common factor of 204127 and 75383.
847
What is the greatest common factor of 1280 and 27843520?
320
Calculate the highest common factor of 125396 and 133400.
2668
Calculate the highest common divisor of 20678 and 1152482.
422
Calculate the highest common divisor of 252 and 684746748.
252
Calculate the highest common factor of 2272 and 255540928.
2272
What is the greatest common divisor of 4040502 and 804?
402
Calculate the highest common divisor of 1066 and 1919333.
533
What is the highest common factor of 32754986 and 516758?
6226
What is the greatest common divisor of 145251927 and 3672?
459
What is the greatest common factor of 3312 and 288823788?
828
What is the greatest common factor of 941 and 75466?
1
Calculate the greatest common divisor of 16211 and 135924247.
1247
What is the greatest common divisor of 183598 and 622708?
82
What is the highest common factor of 143 and 21597823?
13
What is the greatest common divisor of 576 and 863712?
288
What is the greatest common divisor of 540 and 39717108?
108
What is the greatest common factor of 29284 and 148?
4
Calculate the highest common divisor of 14722696 and 16.
8
What is the highest common divisor of 867140 and 219841?
191
Calculate the greatest common factor of 8299 and 26882777.
193
What is the highest common factor of 10770 and 23910?
30
What is the highest common divisor of 979108 and 7923?
19
Calculate the greatest common factor of 8010821 and 91.
91
What is the greatest common divisor of 18486 and 962931?
237
What is the highest common factor of 33680471 and 7139?
121
What is the highest common divisor of 4293 and 445359?
159
Calculate the greatest common factor of 4168125 and 76779.
171
Calculate the highest common factor of 120820858 and 5255.
1051
What is the greatest common divisor of 39585 and 266162?
377
Calculate the highest common factor of 3086188 and 182.
14
What is the greatest common divisor of 4335 and 55390165?
85
What is the highest common factor of 4506020 and 4298960?
9860
Calculate the highest common divisor of 188636 and 27244.
28
Calculate the greatest common factor of 48 and 39122896.
16
Calculate the greatest common divisor of 740853834 and 294.
294
Calculate the highest common divisor of 125502 and 9334.
26
What is the greatest common factor of 916048 and 14512?
16
What is the greatest common factor of 1040 and 1328840?
40
What is the highest common factor of 510 and 36125760?
30
Calculate the greatest common divisor of 588924642 and 102.
102
What is the greatest common factor of 1981 and 9755293?
283
Calculate the highest common factor of 283822 and 30846.
194
What is the greatest common divisor of 16738660 and 137?
137
Calculate the greatest common divisor of 217146137 and 13.
13
Calculate the greatest common divisor of 1012950 and 475.
25
What is the greatest common factor of 1027697 and 253?
11
Calculate the highest common divisor of 36465740 and 6.
2
Calculate the greatest common factor of 120802 and 48127.
323
Calculate the highest common factor of 2323499 and 3368.
421
Calculate the greatest common divisor of 42790 and 68090.
110
What is the highest common factor of 313898 and 3562?
26
Calculate the highest common divisor of 274858724 and 4088.
2044
Calculate the highest common factor of 53925072 and 516.
12
What is the highest common factor of 11634672 and 14672?
112
What is the greatest common divisor of 6137204 and 1734?
578
Calculate the highest common factor of 63 and 294435.
9
Calculate the greatest common factor of 28982 and 9273566.
674
What is the greatest common factor of 122690575 and 225?
25
What is the greatest common factor of 5143226 and 121?
121
Calculate the highest common factor of 592 and 1637028.
148
What is the highest common factor of 790 and 42120035?
395
What is the highest common divisor of 3095568 and 1337328?
5328
What is the highest common divisor of 651814405 and 1325?
265
Calculate the greatest common divisor of 1636 and 567964394.
818
What is the highest common divisor of 140 and 8372448?
28
What is the greatest common factor of 11267982 and 198?
198
What is the greatest common factor of 1819 and 125392?
17
Calculate the highest common divisor of 1076775 and 11991.
21
What is the greatest common factor of 3955171185 and 70?
35
Calculate the greatest common divisor of 38418 and 1628034.
114
Calculate the highest common divisor of 1130 and 17928806.
226
What is the highest common divisor of 66833806 and 685?
137
Calculate the highest common divisor of 834 and 4541408.
278
Calculate the highest common divisor of 190 and 5450321.
19
Calculate the highest common divisor of 171506 and 50.
2
What is the greatest common factor of 6825 and 1212122275?
2275
Calculate the highest common divisor of 20876000 and 10.
10
Calculate the highest common factor of 108 and 281136060.
36
What is the highest common divisor of 1854 and 993593826?
1854
What is the greatest common divisor of 2616216 and 11390?
134
Calculate the highest common divisor of 922264 and 3269.
7
What is the highest common factor of 22 and 247481388?
22
Calculate the greatest common factor of 314204847 and 297.
33
Calculate the greatest common factor of 12459220 and 17456.
4364
What is the highest common factor of 527 and 948872?
17
What is the greatest common divisor of 14 and 42862967?
7
Calculate the highest common factor of 137315 and 475.
5
What is the highest common divisor of 681 and 27953688?
681
What is the highest common factor of 680 and 5889140?
340
What is the greatest common divisor of 3937 and 1440180?
127
What is the greatest common factor of 553104 and 78824?
1336
Calculate the greatest common factor of 561 and 11721347.
187
Calculate the greatest common divisor of 269145 and 58815.
45
What is the greatest common divisor of 23817583 and 969?
19
What is the greatest common divisor of 2838114 and 88566?
174
What is the greatest common factor of 340 and 154371390?
170
What is the highest common factor of 51092 and 508535?
53
Calculate the highest common divisor of 911116 and 416521.
379
What is the greatest common factor of 70978016 and 8?
8
What is the greatest common factor of 7048782 and 729?
81
Calculate the greatest common divisor of 2664715 and 231155.
415
Calculate the highest common divisor of 18029 and 2646391.
121
Calculate the highest common factor of 73233 and 6794.
79
Calculate the greatest common divisor of 1162641 and 173513.
1039
What is the greatest common factor of 34 and 20921458?
34
What is the greatest common divisor of 6128265 and 1430?
715
Calculate the highest common factor of 1422 and 81203073.
237
What is the highest common divisor of 7325451 and 9492?
2373
What is the greatest common factor of 3522477 and 21063?
1239
Calculate the greatest common divisor of 30160 and 3238720.
2320
What is the greatest common divisor of 75372675 and 1470?
105
What is the greatest common divisor of 5190 and 73433310?
5190
Calculate the greatest common divisor of 1920 and 6499968.
384
What is the greatest common factor of 408985 and 304580?
785
What is the highest common divisor of 6736080 and 20400?
4080
What is the highest common factor of 11066847 and 12903?
561
What is the highest common divisor of 874 and 175808596?
874
What is the greatest common divisor of 90 and 4500660?
30
Calculate the greatest common divisor of 28773 and 60186722.
3197
Calculate the greatest common divisor of 51 and 1424192.
17
Calculate the greatest common divisor of 1174 and 34405831.
587
What is the greatest common factor of 3336520 and 18040?
440
What is the highest common factor of 549690 and 11807040?
7530
Calculate the highest common factor of 157 and 24879476.
157
Calculate the highest common factor of 564618 and 221844.
834
Calculate the highest common factor of 5130 and 565074.
18
What is the highest common divisor of 26828664 and 1152?
24
What is the highest common 